{"id":74,"date":"2012-11-06T08:39:16","date_gmt":"2012-11-06T08:39:16","guid":{"rendered":"http:\/\/www.lacasadelnazareno.com\/?page_id=74"},"modified":"2015-10-28T11:54:00","modified_gmt":"2015-10-28T11:54:00","slug":"la-casa-del-nazareno-tunicas-capirotes-medida-nazarenos-costaleros-semana-santa-de-sevilla","status":"publish","type":"page","link":"https:\/\/www.lacasadelnazareno.com\/index.php\/la-casa-del-nazareno-tunicas-capirotes-medida-nazarenos-costaleros-semana-santa-de-sevilla\/","title":{"rendered":"La Casa del Nazareno. T\u00fanicas y capirotes a medida"},"content":{"rendered":"<h4><a href=\"https:\/\/www.lacasadelnazareno.com\/wp-content\/uploads\/2012\/11\/nosotros.jpg\"><img decoding=\"async\" loading=\"lazy\" class=\"alignleft  wp-image-75\" title=\"nosotros\" src=\"https:\/\/www.lacasadelnazareno.com\/wp-content\/uploads\/2012\/11\/nosotros.jpg\" alt=\"\" width=\"410\" height=\"549\" srcset=\"https:\/\/www.lacasadelnazareno.com\/wp-content\/uploads\/2012\/11\/nosotros.jpg 672w, https:\/\/www.lacasadelnazareno.com\/wp-content\/uploads\/2012\/11\/nosotros-224x300.jpg 224w\" sizes=\"(max-width: 410px) 100vw, 410px\" \/><\/a><strong>La Casa del Nazareno<\/strong>.<br \/>\nT\u00fanicas y capirotes a medida.<\/h4>\n<p><iframe loading=\"lazy\" width=\"530\" height=\"262\" src=\"http:\/\/www.youtube.com\/embed\/PW3ss5FKnQk?rel=0\" frameborder=\"0\" allowfullscreen><\/iframe><br \/>\nSomos una empresa completamente familiar. Llevamos toda una vida realizando capirotes y en 1979 nace la casa del nazareno donde VESTIMOS AL NAZARENO Y COSTALERO DE LOS PIES A LA CABEZA.<\/p>\n<p>Nos preocupamos de que nuestros clientes luzcan las mejores galas en la Semana Grande de Sevilla. Realizamos nuestros trabajos a medida de forma artesanal.<\/p>\n<p>Ofrecemos tambi\u00e9n el material necesario para la realizaci\u00f3n de su propia t\u00fanica. Cuidamos el bienestar del Nazareno y del Costalero. Todo para el nazareno: capirotes, c\u00edngulos, t\u00fanicas, espartos\u2026 para las hermandades hacemos precios muy especiales. Art\u00edculos para las bandas de m\u00fasica y para los costaleros.<\/p>\n","protected":false},"excerpt":{"rendered":"<p>La Casa del Nazareno. T\u00fanicas y capirotes a medida. Somos una empresa completamente familiar. Llevamos toda una vida realizando capirotes y en 1979 nace la casa del nazareno donde VESTIMOS AL NAZARENO Y COSTALERO DE LOS PIES A LA CABEZA. Nos preocupamos de que nuestros clientes luzcan las mejores galas en la Semana Grande de [&hellip;]<\/p>\n","protected":false},"author":1,"featured_media":0,"parent":0,"menu_order":0,"comment_status":"closed","ping_status":"closed","template":"","meta":[],"_links":{"self":[{"href":"https:\/\/www.lacasadelnazareno.com\/index.php\/wp-json\/wp\/v2\/pages\/74"}],"collection":[{"href":"https:\/\/www.lacasadelnazareno.com\/index.php\/wp-json\/wp\/v2\/pages"}],"about":[{"href":"https:\/\/www.lacasadelnazareno.com\/index.php\/wp-json\/wp\/v2\/types\/page"}],"author":[{"embeddable":true,"href":"https:\/\/www.lacasadelnazareno.com\/index.php\/wp-json\/wp\/v2\/users\/1"}],"replies":[{"embeddable":true,"href":"https:\/\/www.lacasadelnazareno.com\/index.php\/wp-json\/wp\/v2\/comments?post=74"}],"version-history":[{"count":39,"href":"https:\/\/www.lacasadelnazareno.com\/index.php\/wp-json\/wp\/v2\/pages\/74\/revisions"}],"predecessor-version":[{"id":266,"href":"https:\/\/www.lacasadelnazareno.com\/index.php\/wp-json\/wp\/v2\/pages\/74\/revisions\/266"}],"wp:attachment":[{"href":"https:\/\/www.lacasadelnazareno.com\/index.php\/wp-json\/wp\/v2\/media?parent=74"}],"curies":[{"name":"wp","href":"https:\/\/api.w.org\/{rel}","templated":true}]}}

La Casa del Nazareno. Túnicas y capirotes a medida

<h4><a href="https://www.lacasadelnazareno.com/wp-content/uploads/2012/11/nosotros.jpg"><img decoding="async" loading="lazy" class="alignleft  wp-image-75" title="nosotros" src="https://www.lacasadelnazareno.com/wp-content/uploads/2012/11/nosotros.jpg" alt="" width="410" height="549" srcset="https://www.lacasadelnazareno.com/wp-content/uploads/2012/11/nosotros.jpg 672w, https://www.lacasadelnazareno.com/wp-content/uploads/2012/11/nosotros-224x300.jpg 224w" sizes="(max-width: 410px) 100vw, 410px" /></a><strong>La Casa del Nazareno</strong>.<br />
Túnicas y capirotes a medida.</h4>
<p><iframe loading="lazy" width="530" height="262" src="http://www.youtube.com/embed/PW3ss5FKnQk?rel=0" frameborder="0" allowfullscreen></iframe><br />
Somos una empresa completamente familiar. Llevamos toda una vida realizando capirotes y en 1979 nace la casa del nazareno donde VESTIMOS AL NAZARENO Y COSTALERO DE LOS PIES A LA CABEZA.</p>
<p>Nos preocupamos de que nuestros clientes luzcan las mejores galas en la Semana Grande de Sevilla. Realizamos nuestros trabajos a medida de forma artesanal.</p>
<p>Ofrecemos también el material necesario para la realización de su propia túnica. Cuidamos el bienestar del Nazareno y del Costalero. Todo para el nazareno: capirotes, cíngulos, túnicas, espartos… para las hermandades hacemos precios muy especiales. Artículos para las bandas de música y para los costaleros.</p>

<p>La Casa del Nazareno. Túnicas y capirotes a medida. Somos una empresa completamente familiar. Llevamos toda una vida realizando capirotes y en 1979 nace la casa del nazareno donde VESTIMOS AL NAZARENO Y COSTALERO DE LOS PIES A LA CABEZA. Nos preocupamos de que nuestros clientes luzcan las mejores galas en la Semana Grande de [&hellip;]</p>
